)/11)/(-3) + 16/(-88).
27
Suppose -m - 48 = -2*m + j, 1 = -j. Calculate the remainder when m is divided by 7.
5
What is the remainder when (-496)/(-10) - (-6)/15 is divided by 87/5 + 12/(-30)?
16
Let g = 5 + -5. Suppose -4*c + m = -2*m - 7, c - m - 1 = g. Suppose -2*a = -4*t - 4, -2*a = -5*a + c*t + 6. What is the remainder when 2 is divided by a?
0
Suppose 13 = 3*d - 2. What is the remainder when 18 is divided by d?
3
Suppose 6 + 4 = 2*w. Suppose 4*g + 2*b - 84 = 0, -g - 2*b + 0*b = -18. Calculate the remainder when g is divided by w.
2
Suppose -4*r + 230 + 50 = 0. What is the remainder when r is divided by 13?
5
Suppose -5 = l + 3*x, -5*l + 0*x + 3*x + 29 = 0. Let g = 3 + l. Suppose -s - g = -2*s. What is the remainder when s is divided by 4?
3
Suppose -2*p + a = 5*a - 10, -2*p - 2*a = -20. What is the remainder when 27 is divided by p?
12
Let v(o) = -o**3 + 12*o**2 - 12*o + 7. Let i be v(11). Calculate the remainder when 92 is divided by -1 + i/(-2)*16.
30
Let d(s) be the second derivative of s**4/12 + 3*s**3/2 + 3*s**2 + 2*s. What is the remainder when d(-10) is divided by (-1 + 6 - -1)/1?
4
Suppose -2*m + 5 = 5*y, 0*m - 14 = 2*y + 4*m. What is the remainder when 4 - (-2)/(-6)*y is divided by 3?
0
Let n(r) = -r**2 - 15*r + 80. What is the remainder when n(-16) is divided by 33?
31
Let n = -106 + 130. What is the remainder when n is divided by 5?
4
Suppose -2*l - 3*j = -59, 4*j - 71 = -3*l + 3*j. Suppose -50 = -2*y - r, -2*y + 3*y - l = r. What is the remainder when 95 is divided by y?
23
Let q be 4/3*63/6. Suppose -2*h + 2 = -q. What is the remainder when 14 is divided by h?
6
Let c = -90 - -39. Let v = c - -89. What is the remainder when v is divided by 10?
8
Suppose -2*a = a. Let x(s) = 5*s - 18. Let t(c) = -11*c + 37. Let k(h) = -4*t(h) - 9*x(h). What is the remainder when k(a) is divided by 8?
6
Let o(k) = -k + 6. Let t be o(6). Suppose -2*s + a + 95 = t, 3 = -3*a + 2*a. Calculate the remainder when s is divided by 12.
10
Let m be 8/6*(0 - -3). Let y be (-4)/(-6) + (-8)/(-6). Suppose -4 = -y*s + m. Calculate the remainder when 6 is divided by s.
2
Let u = 15 - 1. Let q be 4/6 + (-22)/6. Let c = u + q. Calculate the remainder when 32 is divided by c.
10
Let v(h) = 5*h - 2. What is the remainder when 139 is divided by v(6)?
27
Let d(i) = i**3 - i**2 + i + 43. Calculate the remainder when d(0) is divided by 11.
10
Suppose 0 = -0*x + 2*x - r - 5, 3*r = -2*x + 9. Suppose -x*h = 4*u - u - 15, 0 = -4*h - u + 14. What is the remainder when 12 is divided by h?
0
Let z(h) = -h**3 - 3*h**2 + 2*h + 2. Let c be z(-2). Let l be c/4 + (-3)/2. Calculate the remainder when 14/(l + 2 - -2) is divided by 8.
6
Suppose 3*g + 5*m = -13, -3*m + 2*m = -g + 9. Calculate the remainder when g is divided by (2 - 0)*15/10.
1
Let g(r) = r**2 + 9*r + 13. Calculate the remainder when g(-12) is divided by 26.
23
Suppose 5*l = 4*k - 90, -k + 2*l = -8 - 13. Let c = 15 + -6. What is the remainder when k is divided by c?
7
Suppose 3*n = -m + 32, -82 = -5*m - n + 78. What is the remainder when m is divided by 13?
6
Suppose -y = -3*y + 20. What is the remainder when y is divided by 3?
1
Suppose -3*l = -6 - 0. Suppose -l*w - 9 = -7*z + 4*z, 5*z = 3*w + 16. Calculate the remainder when 5 is divided by w.
2
Calculate the remainder when (-4767)/(-63) + 2/6 is divided by 26.
24
Let w = -2 - -4. Suppose 0 = w*s + 4*v - v - 150, 2*v + 413 = 5*s. Suppose 5*o = 9 + s. Calculate the remainder when 35 is divided by o.
17
Suppose b + 1 = 2. Let k = -3 + 28. Calculate the remainder when k is divided by -1 + b - 27/(-3).
7
Let x = -23 - -23. Suppose x = 3*f - 36 - 195. Calculate the remainder when f is divided by 16.
13
Let x(a) = a**3 - 3*a**2 - 4. Calculate the remainder when 21 is divided by x(4).
9
Let g(h) = 19*h**3 - h**2 - 6*h + 6. Calculate the remainder when 71 is divided by g(1).
17
Let a(s) = -s - 14. Let i be a(-12). Let m = 5 - i. What is the remainder when m is divided by 3?
1
Let f(p) = -p**2 + 19*p + 38. Calculate the remainder when f(17) is divided by 19.
15
Let c = 48 + -30. Suppose c = 4*s - 26. Calculate the remainder when s is divided by 5.
1
Let n(c) = 4*c**2 + 2*c + 1. Let k be n(-1). Suppose -3*l = -2*g - 26, 2*g = -l + k*g + 7. What is the remainder when 35 is divided by l?
11
What is the remainder when (-10 + -1)*(2 + -3) is divided by 5?
1
Let i = 68 + -36. What is the remainder when 95 is divided by i?
31
Suppose -2*s + 74 = 5*z, z - s - s = 22. What is the remainder when 57 is divided by z?
9
Let n = 24 + 10. Calculate the remainder when (-1)/(2/(-198 - 0)) is divided by n.
31
Let b = 2 + 17. Suppose -z = 1, -q - 5*z = -z + 35. Let j = -21 - q. What is the remainder when b is divided by j?
9
Let y = 1 + 1. Calculate the remainder when 1/(-3) - (-200)/6 is divided by ((-17)/y)/((-1)/2).
16
Suppose -r + 45 = 5*f, r = 2*r + 2*f - 30. Let v = r - 12. Suppose 5*y = 3*y + v. Calculate the remainder when 6 is divided by y.
2
Let b be 21/14*10/(-3). Let r = 6 + b. What is the remainder when r*3 - (-7 + -25) is divided by 12?
11
Suppose s = 2*d, 2*s + s = -3*d + 9. Suppose -3*r + 68 = 4*f, s*f - 90 = -5*r - 0*f. Calculate the remainder when 46 is divided by r.
14
Let a(r) = 2*r + 5. Let w be a(-6). Let x = w + 20. Suppose 4*j + 30 = y, -142 = -5*y + y + 5*j. Calculate the remainder when y is divided by x.
12
Let q be 3/6 + 206/(-4). What is the remainder when 66 is divided by (q/12)/(2/(-8))?
15
Let a(y) = y**2 + 8*y - 8. Calculate the remainder when a(5) is divided by 22.
13
Let r = 27 + -6. Let z = 0 + r. Suppose -3*g = -0*g - 33. Calculate the remainder when z is divided by g.
10
Let j = 9 - -11. Suppose -7*p + 3*p + 236 = 0. What is the remainder when p is divided by j?
19
Let u(j) = 2*j - 2 + j**2 - j + j - 5*j. Calculate the remainder when 45 is divided by u(6).
13
Suppose 385 = 5*c + 3*u, -6*c + c - 4*u = -390. Let l = -51 + c. What is the remainder when l is divided by -6*((-2)/6 - 1)?
7
Suppose k = 2*k - 4. Suppose -g + k*d = -20, g + 0*d - 2 = -2*d. Calculate the remainder when 30 is divided by g.
6
Let b(y) = -y**2 - 3*y + 1. Let f be b(-3). Suppose -l + 2*l = -s + f, -l + 4*s + 1 = 0. What is the remainder when (-2)/(0 - (-1 - -2)) is divided by l?
0
Let n(q) = q**3 - 5*q**2 + 2*q. What is the remainder when 39 is divided by n(5)?
9
Suppose -4*c - 1 = -3*c + 3*t, 5*t = -10. Let s(v) = v**2 - v - 4. What is the remainder when c is divided by s(3)?
1
Suppose 0 - 15 = -3*m. What is the remainder when 8 is divided by m?
3
Let x(h) = -h - 5. Let i be x(-7). What is the remainder when 0 - ((-6 - i) + -1) is divided by 6?
3
Suppose -q = 5*t + 18, -2*q - 8 = 5*t - 2*t. Suppose 6*h - 60 = q*h. What is the remainder when 59 is divided by h?
14
Let l = 40 + -25. Let d be ((-2)/(-3))/((-2)/(-9)). Calculate the remainder when l is divided by 1 - (-2 - (d + 2)).
7
Let h = 115 + -81. What is the remainder when h is divided by 22?
12
Calculate the remainder when 6/14 - 4352/(-119) is divided by -13*((-1 - -2) + -2).
11
Let s(m) = m - 2. Let h be s(4). Suppose -3*u + 120 = h*u. What is the remainder when u is divided by 13?
11
Let b be ((-8)/6)/((-12)/54). Suppose -p = 3*v - b, 41 = -4*p - 0*v + v. Calculate the remainder when (-300)/(-9) + (-6)/p is divided by 12.
10
Suppose -3*b + 8*b - 125 = 0. Calculate the remainder when b is divided by (-33)/(-5) - 18/(-45).
4
Suppose -4*s + 2*m + 70 = 0, 4*m - 26 = -6. Suppose 36 = -3*k + 7*k + 4*i, 4*k = 5*i + 18. What is the remainder when s is divided by k?
6
Calculate the remainder when (-12)/(-10)*120/2 is divided by 15.
12
Suppose -2*b - 3*b + 20 = 0. Suppose 3*c + 8 = d - 0*d, 0 = d + 5*c - 16. Calculate the remainder when d is divided by b.
3
Let b(f) = -152*f**3 - f**2 + f + 1. Let n be b(-1). Suppose -2*c = -23 - n. Calculate the remainder when c is divided by 30.
27
Suppose -b + 2*b - 34 = 0. What is the remainder when b is divided by 12?
10
Suppose 2*x = x + 5. Suppose 0 = x*z + 10, k = 5*k + z - 34. What is the remainder when k is divided by (0 - -3)*1/1?
0
Let w(s) = s - 5. Let j be w(6). Let v = 5 - j. Suppose -5*o - 3*o + 88 = 0. Calculate the remainder when o is divided by v.
3
Let i be (12/10)/((-9)/(-135)). Let p = 37 - i. What is the remainder when 74 is divided by p?
17
What is the remainder when (0 - 2) + 